{"id":45,"date":"2020-08-02T23:13:13","date_gmt":"2020-08-02T23:13:13","guid":{"rendered":"https:\/\/www.mundodelasmascaras.com\/?page_id=45"},"modified":"2021-05-13T22:14:48","modified_gmt":"2021-05-13T22:14:48","slug":"mascaras-africanas","status":"publish","type":"page","link":"https:\/\/www.mundodelasmascaras.com\/index.php\/mascaras-africanas\/","title":{"rendered":"M\u00e1scaras Africanas &#8211; Llenas de Valor y de Historia"},"content":{"rendered":"\n<p>Las m\u00e1scaras africanas tienen un gran valor tanto en la sociedad, religi\u00f3n y hasta la pol\u00edtica. El gran significado que representan en la cultura africana se extiende hasta la ambici\u00f3n de muchos coleccionistas. Pueden estar hechas con madera, piedra, marfil y otros materiales.<\/p>\n\n\n\n<p>Los nativos sol\u00edan pensar que las m\u00e1scaras ten\u00edan la capacidad de transformar a su portador. Esta transformaci\u00f3n consist\u00eda en que el personaje ilustrado en la m\u00e1scara se apoderaba del cuerpo de quien la usara.<\/p>\n\n\n\n<p>Se utilizaba en ceremonias religiosas, rituales y actos funerales. Su funci\u00f3n se extend\u00eda desde el aspecto sobrenatural hasta el art\u00edstico. Estas pueden representar deidades, animales, muertos, bestias, el bien, el mal y otras fuerzas.<\/p>\n\n\n\n<p>Las m\u00e1scaras africanas tambi\u00e9n influenciaron en el arte Europeo y del mundo en general. Entre estas, algunas de las mas destacadas son la M\u00e1scara Kanaga, Bambara Zoomorfa, M\u00e1scara Senufo Senari, M\u00e1scara Baoule, M\u00e1scara Marka o Sarakol\u00e9, entre otras. A continuaci\u00f3n las describimos detalladamente.<\/p>\n\n\n\n<h2><strong>Kanaga de Mali  <\/strong><\/h2>\n\n\n<p><a target=\"_blank\" href=\"https:\/\/www.amazon.com\/gp\/product\/B08JQQKR74\/ref=as_li_tl?ie=UTF8&#038;camp=1789&#038;creative=9325&#038;creativeASIN=B08JQQKR74&#038;linkCode=as2&#038;tag=amortiguadore-20&#038;linkId=1afa05dc8de7eef37fd03d31cdb3e391\" rel=\"noopener noreferrer\"><img border=\"0\" src=\"\/\/ws-na.amazon-adsystem.com\/widgets\/q?_encoding=UTF8&#038;MarketPlace=US&#038;ASIN=B08JQQKR74&#038;ServiceVersion=20070822&#038;ID=AsinImage&#038;WS=1&#038;Format=_SL250_&#038;tag=amortiguadore-20\" ><\/a><\/p>\n\n\n\n<p>Esta es una m\u00e1scara de los dogonones, en la region de Mali. Esta \u00e9s o era utilizada principalmente en la ceremonia de la muerte de la dama o ceremonias de luto.<\/p>\n\n\n\n<p>La m\u00e1scara de Kanaga evoca al Dios creador Amma. Presenta una forma de cruz doble, que recuerda a los iniciados los episodios de la creaci\u00f3n del mundo durante las ceremonias f\u00fanebres, donde es utilizado por los miembros de la sociedad Awa.<\/p>\n\n\n\n<h2><strong>Bambara Zoomorfa <\/strong><\/h2>\n\n\n\n<p><\/p>\n\n\n\n<p>Representa la hiena, s\u00edmbolo del conocimiento terrestre, con cuernos de ant\u00edlope que hacen alusi\u00f3n a la ligereza.<\/p>\n\n\n\n<p>En la cultura Bambara no se usa la escritura por lo que recurren a la transmisi\u00f3n oral para su ense\u00f1anza. Esto hace que conlleve mucho tiempo.<\/p>\n\n\n\n<h2><strong>M\u00e1scara Senufo Senari <\/strong><\/h2>\n\n\n<p><a target=\"_blank\" href=\"https:\/\/www.amazon.com\/gp\/product\/B079B7HVRN\/ref=as_li_tl?ie=UTF8&#038;camp=1789&#038;creative=9325&#038;creativeASIN=B079B7HVRN&#038;linkCode=as2&#038;tag=amortiguadore-20&#038;linkId=38498f6c7b1ecbe3f9db90a5b03266df\" rel=\"noopener noreferrer\"><img border=\"0\" src=\"\/\/ws-na.amazon-adsystem.com\/widgets\/q?_encoding=UTF8&#038;MarketPlace=US&#038;ASIN=B079B7HVRN&#038;ServiceVersion=20070822&#038;ID=AsinImage&#038;WS=1&#038;Format=_SL250_&#038;tag=amortiguadore-20\" ><\/a><\/p>\n\n\n\n<p>Esta m\u00e1scara es utilizada en las ceremonias de iniciaci\u00f3n, entierros y reuniones de la sociedad secreta poro. Es una m\u00e1scara de doble rostro bajo la protecci\u00f3n de un p\u00e1jaro Calao. Este p\u00e1jaro es un animal m\u00edtico entre los Senufo.<\/p>\n\n\n\n<h2><strong>M\u00e1scara Africana Baule o &#8220;Baoule&#8221;  <\/strong><\/h2>\n\n\n<p><a target=\"_blank\" href=\"https:\/\/www.amazon.com\/gp\/product\/B07KR6ZZT2\/ref=as_li_tl?ie=UTF8&#038;camp=1789&#038;creative=9325&#038;creativeASIN=B07KR6ZZT2&#038;linkCode=as2&#038;tag=amortiguadore-20&#038;linkId=05c63132114a4bd52111cdf6266ee23f\" rel=\"noopener noreferrer\"><img border=\"0\" src=\"\/\/ws-na.amazon-adsystem.com\/widgets\/q?_encoding=UTF8&#038;MarketPlace=US&#038;ASIN=B07KR6ZZT2&#038;ServiceVersion=20070822&#038;ID=AsinImage&#038;WS=1&#038;Format=_SL250_&#038;tag=amortiguadore-20\" ><\/a><\/p>\n\n\n<p><a target=\"_blank\" href=\"https:\/\/www.amazon.com\/gp\/product\/B08VZP7416\/ref=as_li_tl?ie=UTF8&#038;camp=1789&#038;creative=9325&#038;creativeASIN=B08VZP7416&#038;linkCode=as2&#038;tag=amortiguadore-20&#038;linkId=153bb2a703975b2048c07694061fd151\" rel=\"noopener noreferrer\"><img border=\"0\" src=\"\/\/ws-na.amazon-adsystem.com\/widgets\/q?_encoding=UTF8&#038;MarketPlace=US&#038;ASIN=B08VZP7416&#038;ServiceVersion=20070822&#038;ID=AsinImage&#038;WS=1&#038;Format=_SL250_&#038;tag=amortiguadore-20\" ><\/a><\/p>\n\n\n\n<p>Estas m\u00e1scaras humanas refinadas suelen ser retratos de particulares o dignatarios reconocidos. Estas se usan durante la celebraci\u00f3n de una danza ceremonial. El arte Baule es sofisticado y diverso en estilos.<\/p>\n\n\n\n<h2><strong>M\u00e1scara Marka o Sarakol\u00e9 <\/strong><\/h2>\n\n\n\n<p>Estas usualmente son alargadas mas o menos con planchas de cobre o lat\u00f3n. Los Marka pertenecen al grupo de los Mande y utilizan sus m\u00e1scaras para rituales relacionados con la pesca o la agricultura.<\/p>\n\n\n\n<h3><strong>Adquirir Mascaras Africanas<\/strong><\/h3>\n\n\n\n<p>Aparte de su simbolismo y significado las m\u00e1scaras africanas llaman la atenci\u00f3n por su dise\u00f1o. Por tal raz\u00f3n es pieza de inter\u00e9s tanto para decoraciones como para colecciones. <\/p>\n\n\n\n<p>La mayor\u00eda de estas piezas son r\u00e9plicas de estas m\u00e1scaras, que en su originalidad los precios sobrepasan miles de d\u00f3lares. Pero estas r\u00e9plicas se pueden conseguir en oferta, a un buen precio y a trav\u00e9s de Amazon.<\/p>\n\n\n<p><script type=\"text\/javascript\">\namzn_assoc_placement = \"adunit0\";\namzn_assoc_search_bar = \"false\";\namzn_assoc_tracking_id = \"amortiguadore-20\";\namzn_assoc_ad_mode = \"manual\";\namzn_assoc_ad_type = \"smart\";\namzn_assoc_marketplace = \"amazon\";\namzn_assoc_region = \"US\";\namzn_assoc_title = \"\";\namzn_assoc_linkid = \"d20475823b7a72a7ab48332c9084547d\";\namzn_assoc_asins = \"B00BSJY6UC,B0058E97CA,B06XKBVCM4,B06XX3SDB8\";\n<\/script><br \/>\n<script src=\"\/\/z-na.amazon-adsystem.com\/widgets\/onejs?MarketPlace=US\"><\/script><\/p>\n\n\n<p><script type=\"text\/javascript\">\namzn_assoc_placement = \"adunit0\";\namzn_assoc_search_bar = \"false\";\namzn_assoc_tracking_id = \"amortiguadore-20\";\namzn_assoc_ad_mode = \"manual\";\namzn_assoc_ad_type = \"smart\";\namzn_assoc_marketplace = \"amazon\";\namzn_assoc_region = \"US\";\namzn_assoc_title = \"\";\namzn_assoc_linkid = \"d20475823b7a72a7ab48332c9084547d\";\namzn_assoc_asins = \"B0058E8ZFK,B00RY59GJ0,B008254MMC,B00BSJX5WW\";\n<\/script><br \/>\n<script src=\"\/\/z-na.amazon-adsystem.com\/widgets\/onejs?MarketPlace=US\"><\/script><\/p>\n\n\n<p><script type=\"text\/javascript\">\namzn_assoc_placement = \"adunit0\";\namzn_assoc_search_bar = \"false\";\namzn_assoc_tracking_id = \"amortiguadore-20\";\namzn_assoc_ad_mode = \"manual\";\namzn_assoc_ad_type = \"smart\";\namzn_assoc_marketplace = \"amazon\";\namzn_assoc_region = \"US\";\namzn_assoc_title = \"\";\namzn_assoc_linkid = \"d20475823b7a72a7ab48332c9084547d\";\namzn_assoc_asins = \"B00BSJY8QY,B0082538AE,B0058E8V5Y,B06VTBHYHH\";\n<\/script><br \/>\n<script src=\"\/\/z-na.amazon-adsystem.com\/widgets\/onejs?MarketPlace=US\"><\/script><\/p>\n\n\n<p><script type=\"text\/javascript\">\namzn_assoc_placement = \"adunit0\";\namzn_assoc_search_bar = \"false\";\namzn_assoc_tracking_id = \"amortiguadore-20\";\namzn_assoc_ad_mode = \"manual\";\namzn_assoc_ad_type = \"smart\";\namzn_assoc_marketplace = \"amazon\";\namzn_assoc_region = \"US\";\namzn_assoc_title = \"\";\namzn_assoc_linkid = \"d20475823b7a72a7ab48332c9084547d\";\namzn_assoc_asins = \"B06XKMM93K,B01IWAB2LA,B01N9D4Z75,B07FTMFYHQ\";\n<\/script><br \/>\n<script src=\"\/\/z-na.amazon-adsystem.com\/widgets\/onejs?MarketPlace=US\"><\/script><\/p>\n\n\n<p><script type=\"text\/javascript\">\namzn_assoc_placement = \"adunit0\";\namzn_assoc_search_bar = \"false\";\namzn_assoc_tracking_id = \"amortiguadore-20\";\namzn_assoc_ad_mode = \"manual\";\namzn_assoc_ad_type = \"smart\";\namzn_assoc_marketplace = \"amazon\";\namzn_assoc_region = \"US\";\namzn_assoc_title = \"\";\namzn_assoc_linkid = \"d20475823b7a72a7ab48332c9084547d\";\namzn_assoc_asins = \"B0058E4HR0,B003M0E484,B06XKLXK9C,B07FTJQVVN\";\n<\/script><br \/>\n<script src=\"\/\/z-na.amazon-adsystem.com\/widgets\/onejs?MarketPlace=US\"><\/script><\/p>\n","protected":false},"excerpt":{"rendered":"<p>Las m&aacute;scaras africanas tienen un gran valor tanto en la sociedad, religi&oacute;n y hasta la pol&iacute;tica. El gran significado que representan en la cultura africana se extiende hasta la ambici&oacute;n de muchos coleccionistas. Pueden estar hechas con madera, piedra, marfil y otros materiales. Los nativos sol&iacute;an pensar que las m&aacute;scaras ten&iacute;an la capacidad de transformar &#8230; <a title=\"M\u00e1scaras Africanas &#8211; Llenas de Valor y de Historia\" class=\"read-more\" href=\"https:\/\/www.mundodelasmascaras.com\/index.php\/mascaras-africanas\/\">Leer m\u00e1s <span class=\"screen-reader-text\">M\u00e1scaras Africanas &#8211; Llenas de Valor y de Historia<\/span><\/a><\/p>\n","protected":false},"author":1,"featured_media":61,"parent":0,"menu_order":0,"comment_status":"closed","ping_status":"closed","template":"","meta":[],"uagb_featured_image_src":{"full":["https:\/\/www.mundodelasmascaras.com\/wp-content\/uploads\/2020\/08\/Mascaras-Africanas-01-scaled.jpg",2560,2560,false],"thumbnail":["https:\/\/www.mundodelasmascaras.com\/wp-content\/uploads\/2020\/08\/Mascaras-Africanas-01-150x150.jpg",150,150,true],"medium":["https:\/\/www.mundodelasmascaras.com\/wp-content\/uploads\/2020\/08\/Mascaras-Africanas-01-300x300.jpg",300,300,true],"medium_large":["https:\/\/www.mundodelasmascaras.com\/wp-content\/uploads\/2020\/08\/Mascaras-Africanas-01-768x768.jpg",768,768,true],"large":["https:\/\/www.mundodelasmascaras.com\/wp-content\/uploads\/2020\/08\/Mascaras-Africanas-01-1024x1024.jpg",1024,1024,true],"1536x1536":["https:\/\/www.mundodelasmascaras.com\/wp-content\/uploads\/2020\/08\/Mascaras-Africanas-01-1536x1536.jpg",1536,1536,true],"2048x2048":["https:\/\/www.mundodelasmascaras.com\/wp-content\/uploads\/2020\/08\/Mascaras-Africanas-01-2048x2048.jpg",2048,2048,true]},"uagb_author_info":{"display_name":"admin","author_link":"https:\/\/www.mundodelasmascaras.com\/index.php\/author\/admin\/"},"uagb_comment_info":0,"uagb_excerpt":"Las m&aacute;scaras africanas tienen un gran valor tanto en la sociedad, religi&oacute;n y hasta la pol&iacute;tica. El gran significado que representan en la cultura africana se extiende hasta la ambici&oacute;n de muchos coleccionistas. Pueden estar hechas con madera, piedra, marfil y otros materiales. Los nativos sol&iacute;an pensar que las m&aacute;scaras ten&iacute;an la capacidad de transformar&hellip;","yoast_head":"<!-- This site is optimized with the Yoast SEO plugin v14.6.1 - https:\/\/yoast.com\/wordpress\/plugins\/seo\/ -->\n<title>M\u00e1scaras Africanas - Llenas de Valor y de Historia - Las M&aacute;scaras<\/title>\n<meta name=\"description\" content=\"Las m\u00e1scaras africanas juegan un papel muy importante en la historia. Conoce sus significados, sus usos, su influencia en la cultura y mucho m\u00e1s.\" \/>\n<meta name=\"robots\" content=\"index, follow\" \/>\n<meta name=\"googlebot\" content=\"index, follow, max-snippet:-1, max-image-preview:large, max-video-preview:-1\" \/>\n<meta name=\"bingbot\" content=\"index, follow, max-snippet:-1, max-image-preview:large, max-video-preview:-1\" \/>\n<link rel=\"canonical\" href=\"https:\/\/www.mundodelasmascaras.com\/index.php\/mascaras-africanas\/\" \/>\n<meta property=\"og:locale\" content=\"es_ES\" \/>\n<meta property=\"og:type\" content=\"article\" \/>\n<meta property=\"og:title\" content=\"M\u00e1scaras Africanas - Llenas de Valor y de Historia - Las M&aacute;scaras\" \/>\n<meta property=\"og:description\" content=\"Las m\u00e1scaras africanas juegan un papel muy importante en la historia. Conoce sus significados, sus usos, su influencia en la cultura y mucho m\u00e1s.\" \/>\n<meta property=\"og:url\" content=\"https:\/\/www.mundodelasmascaras.com\/index.php\/mascaras-africanas\/\" \/>\n<meta property=\"og:site_name\" content=\"Las M&aacute;scaras\" \/>\n<meta property=\"article:modified_time\" content=\"2021-05-13T22:14:48+00:00\" \/>\n<meta property=\"og:image\" content=\"https:\/\/www.mundodelasmascaras.com\/wp-content\/uploads\/2020\/08\/Mascaras-Africanas-01-scaled.jpg\" \/>\n\t<meta property=\"og:image:width\" content=\"2560\" \/>\n\t<meta property=\"og:image:height\" content=\"2560\" \/>\n<meta name=\"twitter:card\" content=\"summary_large_image\" \/>\n<script type=\"application\/ld+json\" class=\"yoast-schema-graph\">{\"@context\":\"https:\/\/schema.org\",\"@graph\":[{\"@type\":\"WebSite\",\"@id\":\"https:\/\/www.mundodelasmascaras.com\/#website\",\"url\":\"https:\/\/www.mundodelasmascaras.com\/\",\"name\":\"Las M&aacute;scaras\",\"description\":\"Conoce Todo Acerca de Las M&aacute;scaras\",\"potentialAction\":[{\"@type\":\"SearchAction\",\"target\":\"https:\/\/www.mundodelasmascaras.com\/?s={search_term_string}\",\"query-input\":\"required name=search_term_string\"}],\"inLanguage\":\"es\"},{\"@type\":\"ImageObject\",\"@id\":\"https:\/\/www.mundodelasmascaras.com\/index.php\/mascaras-africanas\/#primaryimage\",\"inLanguage\":\"es\",\"url\":\"https:\/\/www.mundodelasmascaras.com\/wp-content\/uploads\/2020\/08\/Mascaras-Africanas-01-scaled.jpg\",\"width\":2560,\"height\":2560,\"caption\":\"M\\u00e1scaras Africanas\"},{\"@type\":\"WebPage\",\"@id\":\"https:\/\/www.mundodelasmascaras.com\/index.php\/mascaras-africanas\/#webpage\",\"url\":\"https:\/\/www.mundodelasmascaras.com\/index.php\/mascaras-africanas\/\",\"name\":\"M\\u00e1scaras Africanas - Llenas de Valor y de Historia - Las M&aacute;scaras\",\"isPartOf\":{\"@id\":\"https:\/\/www.mundodelasmascaras.com\/#website\"},\"primaryImageOfPage\":{\"@id\":\"https:\/\/www.mundodelasmascaras.com\/index.php\/mascaras-africanas\/#primaryimage\"},\"datePublished\":\"2020-08-02T23:13:13+00:00\",\"dateModified\":\"2021-05-13T22:14:48+00:00\",\"description\":\"Las m\\u00e1scaras africanas juegan un papel muy importante en la historia. Conoce sus significados, sus usos, su influencia en la cultura y mucho m\\u00e1s.\",\"inLanguage\":\"es\",\"potentialAction\":[{\"@type\":\"ReadAction\",\"target\":[\"https:\/\/www.mundodelasmascaras.com\/index.php\/mascaras-africanas\/\"]}]}]}<\/script>\n<!-- \/ Yoast SEO plugin. -->","_links":{"self":[{"href":"https:\/\/www.mundodelasmascaras.com\/index.php\/wp-json\/wp\/v2\/pages\/45"}],"collection":[{"href":"https:\/\/www.mundodelasmascaras.com\/index.php\/wp-json\/wp\/v2\/pages"}],"about":[{"href":"https:\/\/www.mundodelasmascaras.com\/index.php\/wp-json\/wp\/v2\/types\/page"}],"author":[{"embeddable":true,"href":"https:\/\/www.mundodelasmascaras.com\/index.php\/wp-json\/wp\/v2\/users\/1"}],"replies":[{"embeddable":true,"href":"https:\/\/www.mundodelasmascaras.com\/index.php\/wp-json\/wp\/v2\/comments?post=45"}],"version-history":[{"count":6,"href":"https:\/\/www.mundodelasmascaras.com\/index.php\/wp-json\/wp\/v2\/pages\/45\/revisions"}],"predecessor-version":[{"id":496,"href":"https:\/\/www.mundodelasmascaras.com\/index.php\/wp-json\/wp\/v2\/pages\/45\/revisions\/496"}],"wp:featuredmedia":[{"embeddable":true,"href":"https:\/\/www.mundodelasmascaras.com\/index.php\/wp-json\/wp\/v2\/media\/61"}],"wp:attachment":[{"href":"https:\/\/www.mundodelasmascaras.com\/index.php\/wp-json\/wp\/v2\/media?parent=45"}],"curies":[{"name":"wp","href":"https:\/\/api.w.org\/{rel}","templated":true}]}}